{"id":3496,"date":"2014-01-15T22:35:45","date_gmt":"2014-01-15T20:35:45","guid":{"rendered":"http:\/\/meelis.raume.eu\/?page_id=3496"},"modified":"2014-01-15T22:35:45","modified_gmt":"2014-01-15T20:35:45","slug":"laim","status":"publish","type":"page","link":"https:\/\/meelis.raume.eu\/?page_id=3496","title":{"rendered":"Laim"},"content":{"rendered":"<address style=\"text-align: justify;\">Laimamise unustab positiivne ja r\u00f5\u00f5msameelne inimene \u00fcsna kiiresti! Tihti tekitab see aga paljudes t\u00f5siseid tagaj\u00e4rgi ja solvumisi aastak\u00fcmneteks! Laimul on alati kolm kuni viis poolt &#8211; laimaja, laimatav, otsene sihtgrupp, toetajaskond ja kuulajaskond.<br \/>\nLaim on ps\u00fchhopaadi fantaasiavili mida Ta kasutab salarelvana sest oma olemuselt on Ta arg. Laim on \u00fcks k\u00f5ige alatuim teguviis sest laimataval puudub v\u00f5imalus ennast kuidagi kaitsta! S\u00f5tta asumine ei ole v\u00f5imalik sest k\u00f5ik k\u00e4ib kuulujuttude tasemel ja olukorda tunnetad alles siis kui seltskond Sinu \u00fcmber hakkab lagunema. Laimust saab aimu siis kui \u00e4ra kuulata teine pool ja alles siis omad j\u00e4reldused teha. V\u00e4ga tihti\u00a0r\u00e4\u00e4gitakse laimu asemel t\u00f5de kuid v\u00f5etakse seda justkui laimu, seep\u00e4rast ongi oluline \u00e4ra kuulata teine pool ja vajadusel kolmas-neljas poolgi. Nii julgeid inimesi on \u00fcsna v\u00e4he kes seda teevad, kergem on ju kampaaniaga kaasa minna, eriti kui ollakse veel vaenus v\u00f5i siis mitte uskuda seda jama ja t\u00f5de ei selgu tegelikult Sinu jaoks kunagi!<br \/>\nLaimu kasutatakse soovitud k\u00e4ttemaksuna kui miskit ei meeldi, ollakse solvunud, ei saada hakkama ning v\u00e4ga tihti isegi oma ringkonnast v\u00e4ljat\u00f5rjumiseks ja paljudes erinevates konkurentsiv\u00f5itlustes, olelustes jne.<br \/>\nLaimatav on meie \u00fchiskonnas k\u00f5ige kaitsetum subjekt sest tsiviilhagi v\u00f5itmise korral saab ta ainult pelgalt vabandused kuid moraalset kahju (au, v\u00e4\u00e4rikus, alandused jne) ei korva keegi (va riigiametnikud t\u00f6\u00f6\u00fclesannete t\u00e4itmisel)!<br \/>\nSelliste situatsioonide puhul ei olegi muud teha kui rahulikuks j\u00e4\u00e4da ja oodata kui taevas selgineb. Vastupidine tegevus eelnevale lisab \u00f5li tulle ja ei ole m\u00f5tet proovidagi! Need kes Sind tunnevad, nemad ei usu seda juttu niikuinii ennem kui kuulavad \u00e4ra Sind ja kui laimaja ei ole kindlate t\u00f5enditega varustatud siis teevad nad \u00f5iged j\u00e4reldused. Ja need kes usuvadki ps\u00fchhopaadi fantaasialendu ning l\u00e4hevad selle kampaaniaga kaasa, siis selliseid inimesi Sa enda \u00fcmber lihtsalt ei vaja ja l\u00f6\u00f6 register nendest puhtaks! Sinu jaoks on t\u00f5estatud kui madala kvaliteediga ja rumalad inimesed nad tegelikult on!<\/address>\n","protected":false},"excerpt":{"rendered":"<p>Laimamise unustab positiivne ja r\u00f5\u00f5msameelne inimene \u00fcsna kiiresti! Tihti tekitab see aga paljudes t\u00f5siseid tagaj\u00e4rgi ja solvumisi aastak\u00fcmneteks! Laimul on alati kolm kuni viis poolt &#8211; laimaja, laimatav, otsene sihtgrupp, toetajaskond ja kuulajaskond. Laim on ps\u00fchhopaadi fantaasiavili mida Ta kasutab &hellip; <a href=\"https:\/\/meelis.raume.eu\/?page_id=3496\">J\u00e4tka lugemist <span class=\"meta-nav\">&rarr;<\/span><\/a><\/p>\n","protected":false},"author":1,"featured_media":0,"parent":529,"menu_order":0,"comment_status":"open","ping_status":"open","template":"onecolumn-page.php","meta":{"footnotes":""},"class_list":["post-3496","page","type-page","status-publish","hentry"],"_links":{"self":[{"href":"https:\/\/meelis.raume.eu\/index.php?rest_route=\/wp\/v2\/pages\/3496","targetHints":{"allow":["GET"]}}],"collection":[{"href":"https:\/\/meelis.raume.eu\/index.php?rest_route=\/wp\/v2\/pages"}],"about":[{"href":"https:\/\/meelis.raume.eu\/index.php?rest_route=\/wp\/v2\/types\/page"}],"author":[{"embeddable":true,"href":"https:\/\/meelis.raume.eu\/index.php?rest_route=\/wp\/v2\/users\/1"}],"replies":[{"embeddable":true,"href":"https:\/\/meelis.raume.eu\/index.php?rest_route=%2Fwp%2Fv2%2Fcomments&post=3496"}],"version-history":[{"count":1,"href":"https:\/\/meelis.raume.eu\/index.php?rest_route=\/wp\/v2\/pages\/3496\/revisions"}],"predecessor-version":[{"id":3497,"href":"https:\/\/meelis.raume.eu\/index.php?rest_route=\/wp\/v2\/pages\/3496\/revisions\/3497"}],"up":[{"embeddable":true,"href":"https:\/\/meelis.raume.eu\/index.php?rest_route=\/wp\/v2\/pages\/529"}],"wp:attachment":[{"href":"https:\/\/meelis.raume.eu\/index.php?rest_route=%2Fwp%2Fv2%2Fmedia&parent=3496"}],"curies":[{"name":"wp","href":"https:\/\/api.w.org\/{rel}","templated":true}]}}