{"id":3742,"date":"2017-05-22T18:38:53","date_gmt":"2017-05-22T16:38:53","guid":{"rendered":"http:\/\/meelis.raume.eu\/?page_id=3742"},"modified":"2021-06-06T11:28:56","modified_gmt":"2021-06-06T09:28:56","slug":"pagulane","status":"publish","type":"page","link":"https:\/\/meelis.raume.eu\/?page_id=3742","title":{"rendered":"Pagulane"},"content":{"rendered":"<p>Viisin samuti ennast asjadega kurssi sest sellest r\u00e4\u00e4gitakse praegu nii palju!<\/p>\n<p>Kes on pagulane?<\/p>\n<p>Pagulane on inimene, kelle kaitsevajadus on tuvastatud. Selline kaitsev staatus on v\u00e4ljaantud 1951. aasta Genfi pagulasseisundi konventsiooni alusel ja st et, Tal on tuvastatud p\u00f5hjendatud tagakiusukartus rassi, usu, rahvuse, \u00fchiskondlikku r\u00fchmitusse kuulumise v\u00f5i poliitilise meelsuse p\u00e4rast.<\/p>\n<p>Mul on selle paguluse palagani kohta kolm arvamust!<\/p>\n<p>1. Arvan, et \u00fcle 60 aasta tagasi v\u00e4ljaantud seisus (pagulane) on oma aja \u00e4ra tiksnud. Siis oli Euroopale vaja t\u00f6\u00f6k\u00e4si sest II maailmas\u00f5da oli mehed viinud ja kuidagi pidi immigratsiooni \u00e4ra p\u00f5hjendama. Aga n\u00fc\u00fcd kui meil on EU-s ca 10% t\u00f6\u00f6tuid siis on v\u00e4ga pentsik arvata, et see protsent n\u00fc\u00fcd v\u00e4heneb v\u00f5i hakkavad need pagulased paremini t\u00f6\u00f6d tegema kui omad t\u00f6\u00f6tud, saamatud, hulgused jne. Andke see raha oma t\u00f6\u00f6tutele, saamatutele, hulgustele jne. \u00e4kki saab selle ametlikku protsendi siis 5% peale, v\u00e4hemalt on \u00fcritatud!<\/p>\n<p>2. Arvan, et Euroopa on segatud varjatud inimkaubandusse kus niite t\u00f5mbavad v\u00f5i aitavad t\u00f5mmata ikka EU k\u00f5rged ametnikud. &#8220;Pusinessmannil&#8221; ei ole k\u00fcll vahet kuskohast v\u00f5i kelle k\u00e4est Ta selle raha v\u00f5tab. V\u00e4ga tihti &#8220;business&#8221; ei tee vahet s\u00f5nadel ausus ega autus, lihtsalt vahendeid valimata on vaja raha k\u00e4tte saada. Esimeses etapis maksame \u00e4ri kinni kui jagame raha (toetused mustale mandrile), teises etapis kui aitame EU-sse l\u00f5imuda ja kolmandas etapis kui hakkame maksma tagaj\u00e4rgede eest ja neid on oi kui palju (stress, usk, kuritegevus jne.). L\u00f5pmatu &#8220;business&#8221;, ole aga mees v\u00f5i naine ning t\u00f5mba \u00f5igeid niite!<\/p>\n<p>3. Arvan, et &#8220;roosa mannavahu&#8221; jagamine ei ole p\u00e4ris \u00f5ige sest tekitab oma inimestes palju rohkem viha, vaenu ja kiusu nende suhtes kui \u00fcleskutsed erinevates tabloides ning nad ei saagi lahti 1951. aastal Genfis antud staatusest kus neid kiusatakse taga rassi, usu, rahvuse, \u00fchiskondlikku r\u00fchmitusse kuulumise v\u00f5i poliitilise meelsuse p\u00e4rast. Meie pagulastele (s\u00f5jap\u00f5genikele) toona v\u00f5i praegu laia maailma l\u00e4inule seda mannavahtu ilmselt nii ei jagata, peab ikka ise hakkama saama.<\/p>\n<p>S\u00f5jap\u00f5genik on termin millest ma aru saan sest nad kardavad oma elu p\u00e4rast v\u00f5i p\u00f5genevad s\u00f5jakuritegude eest ja reeglina oleks need siis naised ja lapsed kuid pagulase maski taha v\u00f5ib peituda ju iga\u00fcks.<br \/>\nL\u00f5petuseks veel niipalju, et praegu on 2016 aasta riigi eelarve koostamise aeg ja huvitav oleks kui meie uuriv ajakirjandus uuriks v\u00e4lja kui suured summad ja millise rea peal need EU toetused ning meie oma riigi panused asuvad!<\/p>\n<p>MR 2015<\/p>\n","protected":false},"excerpt":{"rendered":"<p>Viisin samuti ennast asjadega kurssi sest sellest r\u00e4\u00e4gitakse praegu nii palju! Kes on pagulane? Pagulane on inimene, kelle kaitsevajadus on tuvastatud. Selline kaitsev staatus on v\u00e4ljaantud 1951. aasta Genfi pagulasseisundi konventsiooni alusel ja st et, Tal on tuvastatud p\u00f5hjendatud tagakiusukartus &hellip; <a href=\"https:\/\/meelis.raume.eu\/?page_id=3742\">J\u00e4tka lugemist <span class=\"meta-nav\">&rarr;<\/span><\/a><\/p>\n","protected":false},"author":1,"featured_media":0,"parent":397,"menu_order":0,"comment_status":"closed","ping_status":"closed","template":"","meta":{"footnotes":""},"class_list":["post-3742","page","type-page","status-publish","hentry"],"_links":{"self":[{"href":"https:\/\/meelis.raume.eu\/index.php?rest_route=\/wp\/v2\/pages\/3742","targetHints":{"allow":["GET"]}}],"collection":[{"href":"https:\/\/meelis.raume.eu\/index.php?rest_route=\/wp\/v2\/pages"}],"about":[{"href":"https:\/\/meelis.raume.eu\/index.php?rest_route=\/wp\/v2\/types\/page"}],"author":[{"embeddable":true,"href":"https:\/\/meelis.raume.eu\/index.php?rest_route=\/wp\/v2\/users\/1"}],"replies":[{"embeddable":true,"href":"https:\/\/meelis.raume.eu\/index.php?rest_route=%2Fwp%2Fv2%2Fcomments&post=3742"}],"version-history":[{"count":2,"href":"https:\/\/meelis.raume.eu\/index.php?rest_route=\/wp\/v2\/pages\/3742\/revisions"}],"predecessor-version":[{"id":8031,"href":"https:\/\/meelis.raume.eu\/index.php?rest_route=\/wp\/v2\/pages\/3742\/revisions\/8031"}],"up":[{"embeddable":true,"href":"https:\/\/meelis.raume.eu\/index.php?rest_route=\/wp\/v2\/pages\/397"}],"wp:attachment":[{"href":"https:\/\/meelis.raume.eu\/index.php?rest_route=%2Fwp%2Fv2%2Fmedia&parent=3742"}],"curies":[{"name":"wp","href":"https:\/\/api.w.org\/{rel}","templated":true}]}}