{"id":429,"date":"2012-03-27T16:51:42","date_gmt":"2012-03-27T14:51:42","guid":{"rendered":"http:\/\/meelis.raume.eu\/?page_id=429"},"modified":"2012-04-02T13:14:49","modified_gmt":"2012-04-02T11:14:49","slug":"miami-key-west-evergladesi-alligaatorite-sood-st-petersburg-kissimmee","status":"publish","type":"page","link":"https:\/\/meelis.raume.eu\/?page_id=429","title":{"rendered":"Miami &#8211; Key West &#8211; Evergladesi alligaatorite sood &#8211; St. Petersburg &#8211; Kissimmee"},"content":{"rendered":"<p>\u00d6\u00f6 j\u00e4lle m\u00f6\u00f6da saadetud asusime Key West-i saarestiku poole teele, mis esialgu kulgeb l\u00e4bi soode ja m\u00fclgaste, kus ohtu hoiatavad sildid krokodillide ja alligaatorite kohta. Soode vahelt v\u00e4lja j\u00f5udes (ca 30-40 km) laiub kohe vasakut k\u00e4tta Atlandi ookean ja paremat k\u00e4tt Mehhiko laht. Saarestik jookseb ca 130 km ookeani-lahte Kuuba k\u00fclje alla. Saared on omavahel \u00fchendatud lugematute sildadega, koos sealt avanevate vaadetega ookeanile ja lahele.<\/p>\n<p>Siin saarestikus on filmitud ka filmil\u00f5ik Schwarznegger-i filmist, ei tule film meelde aga see on see film, kus ta istub h\u00e4vitajasse ja tulistab silla peal s\u00f5itvat kaabakute punti, kus samuti tema armsam r\u00f6\u00f6vitud on. Samuti p\u00e4\u00e4stab ta hiljem oma t\u00fctre kraananoole otsast \u00a0h\u00e4vitajaga.<\/p>\n<div>\n<dl id=\"attachment_166\">\n<dt><a href=\"http:\/\/meelis.raume.eu\/?attachment_id=166\" rel=\"attachment wp-att-166\"><img loading=\"lazy\" decoding=\"async\" title=\"Sild filmist\" src=\"http:\/\/meelis.raume.eu\/wp-content\/uploads\/2010\/04\/DSC04416-1024x576.jpg\" alt=\"\" width=\"645\" height=\"363\" \/><\/a><\/dt>\n<dd>Sild Schwarzenegger-i filmist<\/dd>\n<\/dl>\n<\/div>\n<p>Key West ehk \u00fclipopulaarne Gay-de paradiis on t\u00f5esti nagu \u00f6\u00f6 ja p\u00e4ev, v\u00f5rreldes muu Ameerikaga, kus meie k\u00e4isime. See on viimane saar saarestikus ja USA k\u00f5ige l\u00f5unapoolsem punkt ennem Kuubat. Rannas saad olla vabalt meie ujukatega ja lausa tagant triibu kokku keerata, et kannikad ka p\u00e4ikest saaksid. Ei saada sind siin politsei kahtlase pilguga, pigem k\u00fcsib kas k\u00f5ik on Sul h\u00e4sti? Linn on v\u00e4ga armas ja v\u00e4ga vaba &#8211; s\u00f5na otseses m\u00f5ttes. Inimesed on keset p\u00e4eva juba \u00fcsna joobes! Westerni t\u00fc\u00fcpi baarides k\u00e4ib juba l\u00f5unast pidu. T\u00fcdrukud v\u00f5tavad rinnahoidjaid-p\u00fcksikuid juba p\u00e4eval baarides \u00e4ra ja n\u00e4itavad mis neil pakkuda on ja mis Te arvate, kas neil on midagi n\u00e4idata? Mhm, edasi fantaseerige ise! Tegelik riietus linnas ongi rannariietus ja nendega istutakse baarides, k\u00e4iakse poes jne. Poisid jalutavad t\u00e4naval k\u00e4est kinni ja suudlevad, mis polegi siin tabu. V\u00e4ike linn aga kihab nagu idamaa turg, \u00fclimalt vaba paradiis! On k\u00f5ike mida inimkond aegade jooksul on v\u00e4lja m\u00f5elnud, oma vajadusi arvestades.<\/p>\n<div>\n<dl id=\"attachment_169\">\n<dt><a href=\"http:\/\/meelis.raume.eu\/?attachment_id=169\" rel=\"attachment wp-att-169\"><img loading=\"lazy\" decoding=\"async\" title=\"Key West\" src=\"http:\/\/meelis.raume.eu\/wp-content\/uploads\/2010\/04\/DSC04411-1024x576.jpg\" alt=\"\" width=\"645\" height=\"363\" \/><\/a><\/dt>\n<dd>Key West-i rannas &#8211; seal kaugel on Cuba<\/dd>\n<\/dl>\n<\/div>\n<p>Kuulus alkoholilembene Hemingway elas samuti siin Key Westi-s oma lugematute armukestega ja j\u00e4ttis siia maha \u00fche k\u00f5vera m\u00fc\u00fcri mille p\u00fcstitas oma s\u00f5pradest kaasjoomaritega. Samuti on siin \u00fcks perekond toonud v\u00e4lja 300 aastat tagasi kaduma l\u00e4inud Hispaaniasse teel olnud laeva kullalastiga, mis sisaldas 10-neid tonne kulda ja aardeid. Vana, briljantidega kulds\u00f5rmuse eest pead v\u00e4lja k\u00e4ima 100 tuhandeid dollareid, juhul kui Sa osta soovid. Saad ka ise kullakange k\u00e4es hoida, loomulikult spetsiaalses klaasturvakapis, kus paned k\u00e4ed kummagi k\u00fclje pealt sisse. Rannas oli p\u00e4ike nii seniidis, et enda varju peaaegu ei n\u00e4inudki! P\u00e4ike rannas praadis t\u00e4iega, v\u00f5ibolla tuli isegi viludas +40 \u00e4ra. Vesi kuskil +24 jahedam kui Miamis, mis arusaadav, ikkagi avaookean juba. Ega ma oskagi sellest paradiisist rohkem muljetada, sajad saared ritta aetud, mis \u00fchendatud sildade ja kaunistatud loodusliku paradiisiga, lisaks peale maise pradiisi.<\/p>\n<div>\n<dl id=\"attachment_172\">\n<dt><a href=\"http:\/\/meelis.raume.eu\/?attachment_id=172\" rel=\"attachment wp-att-172\"><img loading=\"lazy\" decoding=\"async\" title=\"Key West\" src=\"http:\/\/meelis.raume.eu\/wp-content\/uploads\/2010\/04\/DSC04413-1024x576.jpg\" alt=\"\" width=\"645\" height=\"363\" \/><\/a><\/dt>\n<dd>Paradiis &#8211; Key West<\/dd>\n<\/dl>\n<\/div>\n<p>Evergladesi rahvuspark oma kuulsate alligaatorite soodega, suured kilpkonnad, krokodillid, maod rippumas puude otsas, kotkad tiirutamas pea kohal, pantrid ringi luusimas ja varitsemas oma saaki jne. on t\u00f5eline loomade paradiis.<\/p>\n<div>\n<dl id=\"attachment_176\">\n<dt><a href=\"http:\/\/meelis.raume.eu\/?attachment_id=176\" rel=\"attachment wp-att-176\"><img loading=\"lazy\" decoding=\"async\" title=\"Evergladesi sood\" src=\"http:\/\/meelis.raume.eu\/wp-content\/uploads\/2010\/04\/DSC044301-1024x576.jpg\" alt=\"\" width=\"645\" height=\"363\" \/><\/a><\/dt>\n<dd>Evergladesi sood &#8211; tuhandete alligaatoritega<\/dd>\n<\/dl>\n<\/div>\n<p>\u00d6\u00f6sel kihab lausa maantee peal elu, autoga seisma j\u00e4\u00e4da ei tohi, v\u00f5id muutuda ise kellegi saagiks. Sildid hoiatavad pantrite r\u00fcnde eest ja alligaatorite apluse eest. Kui autoga avarii teed \u00f6\u00f6sel, siis v\u00f5isid Sa ju ellu j\u00e4\u00e4da aga hommikul leitakse Sind ikkagi kellegi poolt juba \u00e4ra s\u00f6\u00f6duna (j\u00e4\u00e4nused) ja Sinu kohal tiirutab raisakotkaste parv, lootes nokkida seda mis j\u00e4rgi on j\u00e4\u00e4nud! Meie siis k\u00e4isime soosafaril, kus viiakse soode s\u00fcdamesse h\u00f5ljukitega. P\u00f5him\u00f5ttliselt s\u00f5idad m\u00f6\u00f6da sooheina v\u00e4ljasid, kus vahel ka \u00fcsna palju vaba vett. Need paadid teevad seal v\u00e4ga kiireid s\u00f5ite ja paadijuht laseb ikka koguaeg k\u00fclge ette, mis ajab nii m\u00f5nelgi hirmu nahka. Kujutage ette kui see paat \u00fcmber l\u00e4heb ja Te olete keset loomade paradiisi, v\u00f5ib ainult arvata mitmeks minutiks elu j\u00e4tkub!<\/p>\n<div>\n<dl id=\"attachment_179\">\n<dt><a href=\"http:\/\/meelis.raume.eu\/?attachment_id=179\" rel=\"attachment wp-att-179\"><img loading=\"lazy\" decoding=\"async\" title=\"Evergladesi sood\" src=\"http:\/\/meelis.raume.eu\/wp-content\/uploads\/2010\/04\/DSC04435-1024x576.jpg\" alt=\"\" width=\"645\" height=\"363\" \/><\/a><\/dt>\n<dd>Alligaatorite paradiis<\/dd>\n<\/dl>\n<\/div>\n<p>Nii see olevat vahel ka juhtunud, k\u00fcll v\u00e4ga harva. 40 mintsi kestis reis ja 23$ n\u00e4gu, tagasitulles n\u00e4idati kilpkonni, alligaatoreid ja madusid. Kui Sa ise kiire olid, j\u00f5udsid oma aparaadiga j\u00e4\u00e4dvustada seda. Sood laiuvad ca 100 x 100 ruutkilomeetrisel pindalal ja seal on t\u00f5esti metsikult niiske ja palav, koos oma putukamaailmaga.<\/p>\n<div>\n<dl id=\"attachment_182\">\n<dt><a href=\"http:\/\/meelis.raume.eu\/?attachment_id=182\" rel=\"attachment wp-att-182\"><img loading=\"lazy\" decoding=\"async\" title=\"Evergladesi sood\" src=\"http:\/\/meelis.raume.eu\/wp-content\/uploads\/2010\/04\/DSC04441-1024x576.jpg\" alt=\"\" width=\"645\" height=\"363\" \/><\/a><\/dt>\n<dd>Pisi alligaator &#8211; see on ju nii nunnu loom!<\/dd>\n<\/dl>\n<\/div>\n<p>St. Petersburg, suur t\u00f6\u00f6stus- ja sadamalinn, kus maailmas kolmandal kohal olev pikim sild. Esimene koht siis Los Angeles-e k\u00e4es ja teine koht Jaapanis. Silda n\u00e4gime ainult kaugelt, sest meie GPS juhatas mittemaksulist teed m\u00f6\u00f6da aga see mis sillale viis oli maksuline. Nii j\u00e4ime silla\u00fcletusest ilma ja kiirteel tagasi s\u00f5ita ning teha 20 km ring, polnud lusti, olime samuti v\u00e4ga v\u00e4sinud. J\u00f5udsime tagasi \u00f5htuks Kissimmee-sse. Florida ringreis kujunes meil siis 1\u00b4600 km, mille v\u00f5is v\u00e4lja lugeda autospidomeetrilt!\u00a0<em><strong>Vaata minu reisiteekonda<\/strong><\/em>\u00a0<a href=\"http:\/\/meelis.raume.eu\/?attachment_id=163\" rel=\"attachment wp-att-163\">Kl\u00f5psa siin 2x<\/a><\/p>\n<p>\u00d6\u00f6sel oli selline \u00e4ike ja torm, mida mina polnud elus n\u00e4inud. Kui ikka paugu pani (see pauk kestis ikka 20 sekundit) j\u00e4i selline mulje, et maakera vajub telje pealt pooleks. Seda k\u00f5ike on lausa v\u00f5imatu kirjeldada! V\u00e4lku oli niipalju, et raamatut lugeda ilma tuld p\u00f5lema panemata, poleks olnud probleem. See show kestis tund aega ja siis hakkas vihma kallama ja mis Te arvate kuidas seal kallab? S\u00f5na otseses m\u00f5ttes, \u00e4mbriga kaela ja nii tund aega jutti. K\u00f5ik ujub \u00fcmberringi, tuttav r\u00e4\u00e4kis, et t\u00e4naval ei j\u00f5ua vesi \u00e4ra joosta, autorattad on poolest saati vee sees. Meie seda kino muidugi ei n\u00e4inud sest see torm oli \u00f6\u00f6sel ja linnas ei jalutanud. Vee mass pidi nii suur ja raske olema, et vihmavarjuvarred pidid pooleks murduma. Selline siis Florida \u00e4ike, mis \u00f5nnestus meilgi \u00e4ra n\u00e4ha! J\u00e4rgmine p\u00e4ev j\u00e4lle +30 ja v\u00e4ga raske ning niiske \u00f5hk, kuid p\u00e4ike paistab nagu poleks \u00f6\u00f6sel midagi olnud. Veelompe peaaegu, et polnudki, k\u00f5ik oli aurustunud taeva tagasi, et panna m\u00f5ne n\u00e4dala p\u00e4rast kuskil j\u00e4lle uus pauk!<\/p>\n","protected":false},"excerpt":{"rendered":"<p>\u00d6\u00f6 j\u00e4lle m\u00f6\u00f6da saadetud asusime Key West-i saarestiku poole teele, mis esialgu kulgeb l\u00e4bi soode ja m\u00fclgaste, kus ohtu hoiatavad sildid krokodillide ja alligaatorite kohta. Soode vahelt v\u00e4lja j\u00f5udes (ca 30-40 km) laiub kohe vasakut k\u00e4tta Atlandi ookean ja paremat &hellip; <a href=\"https:\/\/meelis.raume.eu\/?page_id=429\">J\u00e4tka lugemist <span class=\"meta-nav\">&rarr;<\/span><\/a><\/p>\n","protected":false},"author":1,"featured_media":0,"parent":349,"menu_order":9,"comment_status":"open","ping_status":"open","template":"onecolumn-page.php","meta":{"footnotes":""},"class_list":["post-429","page","type-page","status-publish","hentry"],"_links":{"self":[{"href":"https:\/\/meelis.raume.eu\/index.php?rest_route=\/wp\/v2\/pages\/429","targetHints":{"allow":["GET"]}}],"collection":[{"href":"https:\/\/meelis.raume.eu\/index.php?rest_route=\/wp\/v2\/pages"}],"about":[{"href":"https:\/\/meelis.raume.eu\/index.php?rest_route=\/wp\/v2\/types\/page"}],"author":[{"embeddable":true,"href":"https:\/\/meelis.raume.eu\/index.php?rest_route=\/wp\/v2\/users\/1"}],"replies":[{"embeddable":true,"href":"https:\/\/meelis.raume.eu\/index.php?rest_route=%2Fwp%2Fv2%2Fcomments&post=429"}],"version-history":[{"count":4,"href":"https:\/\/meelis.raume.eu\/index.php?rest_route=\/wp\/v2\/pages\/429\/revisions"}],"predecessor-version":[{"id":455,"href":"https:\/\/meelis.raume.eu\/index.php?rest_route=\/wp\/v2\/pages\/429\/revisions\/455"}],"up":[{"embeddable":true,"href":"https:\/\/meelis.raume.eu\/index.php?rest_route=\/wp\/v2\/pages\/349"}],"wp:attachment":[{"href":"https:\/\/meelis.raume.eu\/index.php?rest_route=%2Fwp%2Fv2%2Fmedia&parent=429"}],"curies":[{"name":"wp","href":"https:\/\/api.w.org\/{rel}","templated":true}]}}