{"id":475,"date":"2012-04-02T13:40:17","date_gmt":"2012-04-02T11:40:17","guid":{"rendered":"http:\/\/meelis.raume.eu\/?page_id=475"},"modified":"2021-06-06T11:28:21","modified_gmt":"2021-06-06T09:28:21","slug":"meie-nokia","status":"publish","type":"page","link":"https:\/\/meelis.raume.eu\/?page_id=475","title":{"rendered":"Meie Nokia"},"content":{"rendered":"<p>Tunneme uhkust MK etappide \u00fcle, pisi MM-ide ning veel paljude maailmatasemel \u00fcrituste \u00fcle, mis Eesti on l\u00e4bi viinud. Meil on v\u00e4ga palju kuulsaid inimesi, v\u00e4ga head majanduspoliitilised platvormid, osaleme maailmatasemel programmides, meie edu \u00fcle imestavad paljud, kuid tekitavad samuti m\u00f5ningaid m\u00f5tteid!<\/p>\n<p>Kuhu me tahame j\u00f5uda, mis hinnaga ja mida me otsime?<\/p>\n<p>Me tahame olla k\u00f5ige paremad, k\u00f5ige tublimad, otsime laiast maailmast kiitust ja austust. Oleme \u00e4ra ajanud saksa t\u00e4psuse sakslastelt, tahame kohta k\u00e4tte n\u00e4idata suurematele mis ei olegi v\u00f5ib-olla vale. Nagu \u00fctleb vanas\u00f5na: &#8220;Julge hundi rind on rasvane&#8221;. Me sunnime endid pingutama selle nimel, et meie ego ei saaks kannatada! See on saanud meie \u00fchiskonna sloganiks! Jah me oleme pisikesed siin maailmas ning me tahame v\u00f5rdv\u00e4\u00e4rselt \u00fcle \u00e4\u00e4re vaadata koos suurtega, kuid me ei peaks seet\u00f5ttu p\u00e4ris oma n\u00e4gu \u00e4ra kaotama, asendades selle ainiti Napoleon-i kompleks-iga!<\/p>\n<p>Kuid siiski on sellistes p\u00fc\u00fcdlustes olemas oma iva! V\u00f5ib-olla ongi see meie oma Nokia, mida me oleme niikaua otsinud! Igas maailmanurgas kus mainitakse s\u00f5na Eesti v\u00f5i eestlased l\u00f6\u00f6b kohalikul tuluke p\u00f5lema, see on ju see pisike riik oma kannatliku, edasip\u00fc\u00fcdliku, uhke ja kuulsusjanulise rahvaga!<\/p>\n<p>&#8220;Meie Nokia&#8221;<\/p>\n<p>MR 2012<\/p>\n","protected":false},"excerpt":{"rendered":"<p>Tunneme uhkust MK etappide \u00fcle, pisi MM-ide ning veel paljude maailmatasemel \u00fcrituste \u00fcle, mis Eesti on l\u00e4bi viinud. Meil on v\u00e4ga palju kuulsaid inimesi, v\u00e4ga head majanduspoliitilised platvormid, osaleme maailmatasemel programmides, meie edu \u00fcle imestavad paljud, kuid tekitavad samuti m\u00f5ningaid &hellip; <a href=\"https:\/\/meelis.raume.eu\/?page_id=475\">J\u00e4tka lugemist <span class=\"meta-nav\">&rarr;<\/span><\/a><\/p>\n","protected":false},"author":1,"featured_media":0,"parent":397,"menu_order":4,"comment_status":"open","ping_status":"open","template":"onecolumn-page.php","meta":{"footnotes":""},"class_list":["post-475","page","type-page","status-publish","hentry"],"_links":{"self":[{"href":"https:\/\/meelis.raume.eu\/index.php?rest_route=\/wp\/v2\/pages\/475","targetHints":{"allow":["GET"]}}],"collection":[{"href":"https:\/\/meelis.raume.eu\/index.php?rest_route=\/wp\/v2\/pages"}],"about":[{"href":"https:\/\/meelis.raume.eu\/index.php?rest_route=\/wp\/v2\/types\/page"}],"author":[{"embeddable":true,"href":"https:\/\/meelis.raume.eu\/index.php?rest_route=\/wp\/v2\/users\/1"}],"replies":[{"embeddable":true,"href":"https:\/\/meelis.raume.eu\/index.php?rest_route=%2Fwp%2Fv2%2Fcomments&post=475"}],"version-history":[{"count":4,"href":"https:\/\/meelis.raume.eu\/index.php?rest_route=\/wp\/v2\/pages\/475\/revisions"}],"predecessor-version":[{"id":8030,"href":"https:\/\/meelis.raume.eu\/index.php?rest_route=\/wp\/v2\/pages\/475\/revisions\/8030"}],"up":[{"embeddable":true,"href":"https:\/\/meelis.raume.eu\/index.php?rest_route=\/wp\/v2\/pages\/397"}],"wp:attachment":[{"href":"https:\/\/meelis.raume.eu\/index.php?rest_route=%2Fwp%2Fv2%2Fmedia&parent=475"}],"curies":[{"name":"wp","href":"https:\/\/api.w.org\/{rel}","templated":true}]}}