{"id":487,"date":"2012-04-02T13:47:49","date_gmt":"2012-04-02T11:47:49","guid":{"rendered":"http:\/\/meelis.raume.eu\/?page_id=487"},"modified":"2021-06-06T11:59:33","modified_gmt":"2021-06-06T09:59:33","slug":"poliitiline-pardiklikkus","status":"publish","type":"page","link":"https:\/\/meelis.raume.eu\/?page_id=487","title":{"rendered":"Poliitiline p\u00e4rdiklikkus"},"content":{"rendered":"<p>Tegelikkult ajendas mind kirjutama m\u00f5te mille ma sain \u00fchest kirjutisest! Poliitilises loomaaias on igal \u00fchel oma roll ning ta naudib seda vaatem\u00e4ngu, kuid seal on olemas samuti teine pool!<\/p>\n<p>Ja eks ta olegi nii, et see teine pool (p\u00e4rdik) puuris vaatab ju samamoodi oma k\u00fclastajaid ehk \u201etoodi talle t\u00e4na j\u00e4lle kari labaseid ja rumalaid imetlemiseks\u201c! \u2026 ja me ei saa Tema arvamust ignoreerida!<\/p>\n<p>Antud v\u00f5rdlus ei ole pahatahtlikult esitatud vaid tihti nii ta ongi ning P\u00e4rdikul on oma m\u00f5ttearendus ja m\u00f5lematel pooltel on omad arvamused. T\u00f5est millest keegi kinni peab on Ta kas teadlik v\u00f5i mitteteadlik! Inimeste karjas on nagu hundikarjas igasugu v\u00f5savillemeid &#8211; kes uluvad, kes jooksevad kaasa, kes tegelevad demagoogitsemisega, kes tahavad kuhugi j\u00f5uda aga ei j\u00f5ua t\u00e4nu oma lollustele kuhugi, kes pl\u00e4risevad niisama sest muud nad ei oskagi, kes vaatavad pealt ja naeravad, kes pole kunagi millegagi rahul, kes on kiidukuked, keda ajab taga ahnus, aplus, kadedus jne!<\/p>\n<p>Mis on poliitika? Kindlasti mitte \u00e4ri, vaid nii nagu ta kunagi defineeriti &#8211;\u00a0<em>\u03c0\u03bf\u03bb\u03b9\u03c4\u03b9\u03ba\u03cc\u03c2<\/em>! Kreeka keelest tulenev s\u00f5na t\u00e4hendab, et ta on kodanike jaoks v\u00f5i h\u00fcvanguks v\u00f5i mida iganes toona m\u00f5eldi! T\u00e4nap\u00e4eva poliitikat ei saa enam nii t\u00f5lgendada! T\u00e4nap\u00e4eva poliitika teenib eelk\u00f5ige inimese enda huve ja eesm\u00e4rke, oma ego rahuldamist ning imetlemist ja alles peale seda tulevad kogukonnahuvid &#8211; kui \u00fcldse tulevad! Kas Te olete kunagi tabanud endid m\u00f5tteilt, et \u201ekui mina sinna ja sinna saan on mul need ja need asjad k\u00f5igepealt korda vaja ajada mis puudutab ju ainult mind ning mul on \u00fcmber seltskond kes mind jumaldab ja austab, et ennast t\u00e4htsana tunda\u201c. Samas oled saanud ennast peeglist imetleda ja \u00f6elda \u201ek\u00fcll ma olen tore ja kena\u201c! Ma usun, et Te olete tabanud ennast selliselt m\u00f5ttelt ja v\u00f5ib-olla isegi h\u00e4belikult peeglisse vaadanud!<\/p>\n<p>Mind on alati paelunud kunstiinimeste edu ja tahate teada miks? Nad on andekad ja teenivad oma lugupidamise v\u00e4lja sellega, et annavad endast k\u00f5ik kogukonna h\u00fcvangu teenimiseks. Kui meil oleks samapalju andekaid poliitikuid, oleks ehk paljud asjad palju paremad. Andetud poliitikud tekitavadki olukorra kus P\u00e4rdik n\u00e4eb maailma l\u00e4bi oma prisma! T\u00f5si, v\u00f5ib m\u00f6\u00f6nda, et m\u00f5ned poliitikud on ikka j\u00e4\u00e4nud kogukonda teenima ning andekus ei ole veel teps mitte v\u00f5\u00f5rs\u00f5na! T\u00e4nap\u00e4eva poliitiku\u00a0<em>push<\/em>ib \u00fcles manager v\u00f5i korraks saavutatud tuntus karjapealikuna-kaasajooksikuna. Peale k\u00e4ttesaadud ego ja saamahimu on nad muutunud karja k\u00e4epikenduseks ja t\u00f6\u00f6riistaks, kes vahel samuti kogukonnale midagi jagab, kuid j\u00e4lle ainult enda h\u00fcvanguks v\u00f5i positsiooni s\u00e4ilitamiseks!<\/p>\n<p>V\u00e4ike meeldetuletus, et midagi saada tuleb v\u00e4ga palju vastu anda, mille me oleme kahjuks unustanud!\u00a0Ehk v\u00f5ib t\u00f5deda, et meis on liiga palju poliitilist p\u00e4rdiklikkust ja niikaua kui see kestab j\u00e4\u00e4b iga p\u00e4rdik oma prismat ainiti imetlema!<\/p>\n<p>MR 2006<\/p>\n\n\n<p><\/p>\n","protected":false},"excerpt":{"rendered":"<p>Tegelikkult ajendas mind kirjutama m\u00f5te mille ma sain \u00fchest kirjutisest! Poliitilises loomaaias on igal \u00fchel oma roll ning ta naudib seda vaatem\u00e4ngu, kuid seal on olemas samuti teine pool! Ja eks ta olegi nii, et see teine pool (p\u00e4rdik) puuris &hellip; <a href=\"https:\/\/meelis.raume.eu\/?page_id=487\">J\u00e4tka lugemist <span class=\"meta-nav\">&rarr;<\/span><\/a><\/p>\n","protected":false},"author":1,"featured_media":0,"parent":395,"menu_order":2,"comment_status":"open","ping_status":"open","template":"onecolumn-page.php","meta":{"footnotes":""},"class_list":["post-487","page","type-page","status-publish","hentry"],"_links":{"self":[{"href":"https:\/\/meelis.raume.eu\/index.php?rest_route=\/wp\/v2\/pages\/487","targetHints":{"allow":["GET"]}}],"collection":[{"href":"https:\/\/meelis.raume.eu\/index.php?rest_route=\/wp\/v2\/pages"}],"about":[{"href":"https:\/\/meelis.raume.eu\/index.php?rest_route=\/wp\/v2\/types\/page"}],"author":[{"embeddable":true,"href":"https:\/\/meelis.raume.eu\/index.php?rest_route=\/wp\/v2\/users\/1"}],"replies":[{"embeddable":true,"href":"https:\/\/meelis.raume.eu\/index.php?rest_route=%2Fwp%2Fv2%2Fcomments&post=487"}],"version-history":[{"count":11,"href":"https:\/\/meelis.raume.eu\/index.php?rest_route=\/wp\/v2\/pages\/487\/revisions"}],"predecessor-version":[{"id":8037,"href":"https:\/\/meelis.raume.eu\/index.php?rest_route=\/wp\/v2\/pages\/487\/revisions\/8037"}],"up":[{"embeddable":true,"href":"https:\/\/meelis.raume.eu\/index.php?rest_route=\/wp\/v2\/pages\/395"}],"wp:attachment":[{"href":"https:\/\/meelis.raume.eu\/index.php?rest_route=%2Fwp%2Fv2%2Fmedia&parent=487"}],"curies":[{"name":"wp","href":"https:\/\/api.w.org\/{rel}","templated":true}]}}