{"id":570,"date":"2012-04-04T13:31:09","date_gmt":"2012-04-04T11:31:09","guid":{"rendered":"http:\/\/meelis.raume.eu\/?page_id=570"},"modified":"2013-08-13T11:57:34","modified_gmt":"2013-08-13T09:57:34","slug":"tants-sopradega","status":"publish","type":"page","link":"https:\/\/meelis.raume.eu\/?page_id=570","title":{"rendered":"Tants s\u00f5pradega"},"content":{"rendered":"<address style=\"text-align: justify;\">Me oleme suurep\u00e4rased jutuvestjad, kuulatame t\u00e4helepanelikult l\u00f5kke \u00fcmber, et n\u00e4ha, millised lood toidavad k\u00f5ige enam meie kujutlusv\u00f5imet ja sobivad meie endiga. Kui me saaksime endale selle tule valguses ausalt otsa vaadata ning loobuda muretsemast selle p\u00e4rast, et meil endil l\u00e4hevad asjad vahel halvemini kui s\u00f5pradel ja vastupidi \u2013 v\u00f5iksime elu v\u00f5tta teisiti, m\u00e4ngulisemalt.<\/address>\n<address style=\"text-align: justify;\">\u00a0<\/address>\n<address style=\"text-align: justify;\">Kas me k\u00f5ik ei sooviks oma ellu rohkem m\u00e4ngulisust? Oleks p\u00f5nev kohtuda inimestega, keda \u00fcllatused r\u00f5\u00f5mustavad, mitte ei kohuta neid. Kui me tahame saada t\u00f5eliselt headeks s\u00f5pradeks, peame otsima \u00fcllatusi ja nautima ettearvamatut. \u00dcllatus on ainus tee avastuseni, j\u00f5ud, mis avab uusi uksi.<\/address>\n<address style=\"text-align: justify;\">\u00a0<\/address>\n<address style=\"text-align: justify;\">Selle maailma tants n\u00f5uab, et me avaksime ennast s\u00f5pradele, defineerides eelnevalt \u00e4ra kes on s\u00f5ber? Sammude etteteadmine ei ole oluline, t\u00e4htis on valmisolek hingata \u00fches taktis koos ja vabalt tantsup\u00f5randale astuda. Eiratakse k\u00f5ige p\u00f5hilisemat: meie vajadust \u00fcksteist usaldada, meie soov usaldust mitte kaotada, meie vajadust s\u00f5braliku koost\u00f6\u00f6 j\u00e4rele, meie soovi anda oma panus ja saada selle eest t\u00e4nu osaliseks, meie vajadust osaleda s\u00f5prussuhetes, mis meid m\u00f5jutavad.<\/address>\n","protected":false},"excerpt":{"rendered":"<p>Me oleme suurep\u00e4rased jutuvestjad, kuulatame t\u00e4helepanelikult l\u00f5kke \u00fcmber, et n\u00e4ha, millised lood toidavad k\u00f5ige enam meie kujutlusv\u00f5imet ja sobivad meie endiga. Kui me saaksime endale selle tule valguses ausalt otsa vaadata ning loobuda muretsemast selle p\u00e4rast, et meil endil l\u00e4hevad &hellip; <a href=\"https:\/\/meelis.raume.eu\/?page_id=570\">J\u00e4tka lugemist <span class=\"meta-nav\">&rarr;<\/span><\/a><\/p>\n","protected":false},"author":1,"featured_media":0,"parent":529,"menu_order":0,"comment_status":"open","ping_status":"open","template":"onecolumn-page.php","meta":{"footnotes":""},"class_list":["post-570","page","type-page","status-publish","hentry"],"_links":{"self":[{"href":"https:\/\/meelis.raume.eu\/index.php?rest_route=\/wp\/v2\/pages\/570","targetHints":{"allow":["GET"]}}],"collection":[{"href":"https:\/\/meelis.raume.eu\/index.php?rest_route=\/wp\/v2\/pages"}],"about":[{"href":"https:\/\/meelis.raume.eu\/index.php?rest_route=\/wp\/v2\/types\/page"}],"author":[{"embeddable":true,"href":"https:\/\/meelis.raume.eu\/index.php?rest_route=\/wp\/v2\/users\/1"}],"replies":[{"embeddable":true,"href":"https:\/\/meelis.raume.eu\/index.php?rest_route=%2Fwp%2Fv2%2Fcomments&post=570"}],"version-history":[{"count":3,"href":"https:\/\/meelis.raume.eu\/index.php?rest_route=\/wp\/v2\/pages\/570\/revisions"}],"predecessor-version":[{"id":1716,"href":"https:\/\/meelis.raume.eu\/index.php?rest_route=\/wp\/v2\/pages\/570\/revisions\/1716"}],"up":[{"embeddable":true,"href":"https:\/\/meelis.raume.eu\/index.php?rest_route=\/wp\/v2\/pages\/529"}],"wp:attachment":[{"href":"https:\/\/meelis.raume.eu\/index.php?rest_route=%2Fwp%2Fv2%2Fmedia&parent=570"}],"curies":[{"name":"wp","href":"https:\/\/api.w.org\/{rel}","templated":true}]}}